{"id":879,"date":"2018-02-26T15:58:39","date_gmt":"2018-02-26T15:58:39","guid":{"rendered":"http:\/\/fenaer.org\/wp-content\/uploads\/2018\/02\/C\u00f3mo-va-Colombia-en-temas-de-energ\u00edas-renovables.pdf"},"modified":"2018-02-26T15:58:39","modified_gmt":"2018-02-26T15:58:39","slug":"como-va-colombia-en-temas-de-energias-renovables","status":"inherit","type":"attachment","link":"https:\/\/fenaer.org\/?attachment_id=879","title":{"rendered":"C\u00f3mo va Colombia en temas de energ\u00edas renovables"},"author":1,"comment_status":"open","ping_status":"closed","template":"","meta":[],"description":{"rendered":"<p class=\"attachment\"><a href='https:\/\/fenaer.org\/wp-content\/uploads\/2018\/02\/C\u00f3mo-va-Colombia-en-temas-de-energ\u00edas-renovables.pdf'>C\u00f3mo va Colombia en temas de energ\u00edas renovables<\/a><\/p>\n"},"caption":{"rendered":"<p>C\u00f3mo va Colombia en temas de energ\u00edas renovables<\/p>\n"},"alt_text":"","media_type":"file","mime_type":"application\/pdf","media_details":{},"post":null,"source_url":"https:\/\/fenaer.org\/wp-content\/uploads\/2018\/02\/C\u00f3mo-va-Colombia-en-temas-de-energ\u00edas-renovables.pdf","_links":{"self":[{"href":"https:\/\/fenaer.org\/index.php?rest_route=\/wp\/v2\/media\/879"}],"collection":[{"href":"https:\/\/fenaer.org\/index.php?rest_route=\/wp\/v2\/media"}],"about":[{"href":"https:\/\/fenaer.org\/index.php?rest_route=\/wp\/v2\/types\/attachment"}],"author":[{"embeddable":true,"href":"https:\/\/fenaer.org\/index.php?rest_route=\/wp\/v2\/users\/1"}],"replies":[{"embeddable":true,"href":"https:\/\/fenaer.org\/index.php?rest_route=%2Fwp%2Fv2%2Fcomments&post=879"}]}}

http://fenaer.org/wp-content/uploads/2018/02/Cómo-va-Colombia-en-temas-de-energías-renovables.pdf

Cómo va Colombia en temas de energías renovables

<p class="attachment"><a href='https://fenaer.org/wp-content/uploads/2018/02/Cómo-va-Colombia-en-temas-de-energías-renovables.pdf'>Cómo va Colombia en temas de energías renovables</a></p>

<p>Cómo va Colombia en temas de energías renovables</p>

https://fenaer.org/wp-content/uploads/2018/02/Cómo-va-Colombia-en-temas-de-energías-renovables.pdf
