{"id":235,"date":"2017-12-04T16:27:24","date_gmt":"2017-12-04T16:27:24","guid":{"rendered":"http:\/\/fenaer.org\/wordpress\/wordpress\/?page_id=235"},"modified":"2017-12-11T15:38:08","modified_gmt":"2017-12-11T15:38:08","slug":"objetivos","status":"publish","type":"page","link":"https:\/\/fenaer.org\/?page_id=235","title":{"rendered":"Objetivos"},"content":{"rendered":"<p><img loading=\"lazy\" decoding=\"async\" class=\"alignnone  wp-image-691\" src=\"http:\/\/fenaer.org\/wordpress\/wordpress\/wp-content\/uploads\/2017\/12\/up-2081170_1280-300x169.jpg\" alt=\"\" width=\"1010\" height=\"569\" srcset=\"https:\/\/fenaer.org\/wp-content\/uploads\/2017\/12\/up-2081170_1280-300x169.jpg 300w, https:\/\/fenaer.org\/wp-content\/uploads\/2017\/12\/up-2081170_1280-768x432.jpg 768w, https:\/\/fenaer.org\/wp-content\/uploads\/2017\/12\/up-2081170_1280-1024x576.jpg 1024w, https:\/\/fenaer.org\/wp-content\/uploads\/2017\/12\/up-2081170_1280-830x467.jpg 830w, https:\/\/fenaer.org\/wp-content\/uploads\/2017\/12\/up-2081170_1280-230x129.jpg 230w, https:\/\/fenaer.org\/wp-content\/uploads\/2017\/12\/up-2081170_1280-350x197.jpg 350w, https:\/\/fenaer.org\/wp-content\/uploads\/2017\/12\/up-2081170_1280-480x270.jpg 480w, https:\/\/fenaer.org\/wp-content\/uploads\/2017\/12\/up-2081170_1280.jpg 1280w\" sizes=\"(max-width: 1010px) 100vw, 1010px\" \/><\/p>\n<p>&nbsp;<\/p>\n<ul>\n<li style=\"font-weight: 400;\"><span style=\"font-weight: 400;\">Defender el libre mercado de las energ\u00edas renovables y a los usuarios de \u00e9stas, ante eventuales procesos de prohibici\u00f3n, regulaci\u00f3n, reglamentaci\u00f3n o tributaci\u00f3n por procesos de autoconsumo y autogeneraci\u00f3n en manos de particulares. <\/span><\/li>\n<\/ul>\n<p>&nbsp;<\/p>\n<ul>\n<li style=\"font-weight: 400;\"><span style=\"font-weight: 400;\">Democratizar el recurso energ\u00e9tico renovable dentro del marco de la generaci\u00f3n distribuida. <\/span><\/li>\n<\/ul>\n<p>&nbsp;<\/p>\n<ul>\n<li style=\"font-weight: 400;\"><span style=\"font-weight: 400;\">Impulsar al sector de las energ\u00edas renovables en su crecimiento hacia mercados nacionales e internacionales, cumpliendo con los Objetivos de Desarrollo Sostenible. <\/span><\/li>\n<\/ul>\n<p>&nbsp;<\/p>\n<ul>\n<li style=\"font-weight: 400;\"><span style=\"font-weight: 400;\">Ser puente directo entre el estado y el sector privado de las Energ\u00edas Renovables.<\/span><\/li>\n<\/ul>\n<p>&nbsp;<\/p>\n<ul>\n<li><span style=\"font-weight: 400;\">Representar los intereses de las organizaciones gubernamentales y no gubernamentales, empresas privadas y p\u00fablicas del sector que participan en investigaci\u00f3n, generaci\u00f3n en diferentes escalas, comercializaci\u00f3n, capacitaci\u00f3n, dise\u00f1o e interventor\u00eda de proyectos con fuentes no convencionales de energ\u00edas renovables en Colombia. <\/span><\/li>\n<\/ul>\n","protected":false},"excerpt":{"rendered":"<p>&nbsp; Defender el libre mercado de las energ\u00edas renovables y a los usuarios de \u00e9stas, ante eventuales procesos de prohibici\u00f3n, regulaci\u00f3n, reglamentaci\u00f3n [&hellip;]<\/p>\n","protected":false},"author":1,"featured_media":0,"parent":0,"menu_order":0,"comment_status":"closed","ping_status":"closed","template":"page-templates\/page_fullwidth.php","meta":{"footnotes":""},"_links":{"self":[{"href":"https:\/\/fenaer.org\/index.php?rest_route=\/wp\/v2\/pages\/235"}],"collection":[{"href":"https:\/\/fenaer.org\/index.php?rest_route=\/wp\/v2\/pages"}],"about":[{"href":"https:\/\/fenaer.org\/index.php?rest_route=\/wp\/v2\/types\/page"}],"author":[{"embeddable":true,"href":"https:\/\/fenaer.org\/index.php?rest_route=\/wp\/v2\/users\/1"}],"replies":[{"embeddable":true,"href":"https:\/\/fenaer.org\/index.php?rest_route=%2Fwp%2Fv2%2Fcomments&post=235"}],"version-history":[{"count":6,"href":"https:\/\/fenaer.org\/index.php?rest_route=\/wp\/v2\/pages\/235\/revisions"}],"predecessor-version":[{"id":692,"href":"https:\/\/fenaer.org\/index.php?rest_route=\/wp\/v2\/pages\/235\/revisions\/692"}],"wp:attachment":[{"href":"https:\/\/fenaer.org\/index.php?rest_route=%2Fwp%2Fv2%2Fmedia&parent=235"}],"curies":[{"name":"wp","href":"https:\/\/api.w.org\/{rel}","templated":true}]}}

<p><img loading="lazy" decoding="async" class="alignnone  wp-image-691" src="http://fenaer.org/wordpress/wordpress/wp-content/uploads/2017/12/up-2081170_1280-300x169.jpg" alt="" width="1010" height="569" srcset="https://fenaer.org/wp-content/uploads/2017/12/up-2081170_1280-300x169.jpg 300w, https://fenaer.org/wp-content/uploads/2017/12/up-2081170_1280-768x432.jpg 768w, https://fenaer.org/wp-content/uploads/2017/12/up-2081170_1280-1024x576.jpg 1024w, https://fenaer.org/wp-content/uploads/2017/12/up-2081170_1280-830x467.jpg 830w, https://fenaer.org/wp-content/uploads/2017/12/up-2081170_1280-230x129.jpg 230w, https://fenaer.org/wp-content/uploads/2017/12/up-2081170_1280-350x197.jpg 350w, https://fenaer.org/wp-content/uploads/2017/12/up-2081170_1280-480x270.jpg 480w, https://fenaer.org/wp-content/uploads/2017/12/up-2081170_1280.jpg 1280w" sizes="(max-width: 1010px) 100vw, 1010px" /></p>
<p>&nbsp;</p>
<ul>
<li style="font-weight: 400;"><span style="font-weight: 400;">Defender el libre mercado de las energías renovables y a los usuarios de éstas, ante eventuales procesos de prohibición, regulación, reglamentación o tributación por procesos de autoconsumo y autogeneración en manos de particulares. </span></li>
</ul>
<p>&nbsp;</p>
<ul>
<li style="font-weight: 400;"><span style="font-weight: 400;">Democratizar el recurso energético renovable dentro del marco de la generación distribuida. </span></li>
</ul>
<p>&nbsp;</p>
<ul>
<li style="font-weight: 400;"><span style="font-weight: 400;">Impulsar al sector de las energías renovables en su crecimiento hacia mercados nacionales e internacionales, cumpliendo con los Objetivos de Desarrollo Sostenible. </span></li>
</ul>
<p>&nbsp;</p>
<ul>
<li style="font-weight: 400;"><span style="font-weight: 400;">Ser puente directo entre el estado y el sector privado de las Energías Renovables.</span></li>
</ul>
<p>&nbsp;</p>
<ul>
<li><span style="font-weight: 400;">Representar los intereses de las organizaciones gubernamentales y no gubernamentales, empresas privadas y públicas del sector que participan en investigación, generación en diferentes escalas, comercialización, capacitación, diseño e interventoría de proyectos con fuentes no convencionales de energías renovables en Colombia. </span></li>
</ul>

<p>&nbsp; Defender el libre mercado de las energías renovables y a los usuarios de éstas, ante eventuales procesos de prohibición, regulación, reglamentación [&hellip;]</p>
