{"id":669,"date":"2017-12-11T13:59:14","date_gmt":"2017-12-11T13:59:14","guid":{"rendered":"http:\/\/fenaer.org\/wordpress\/wordpress\/?page_id=669"},"modified":"2017-12-11T15:25:08","modified_gmt":"2017-12-11T15:25:08","slug":"vision","status":"publish","type":"page","link":"https:\/\/fenaer.org\/?page_id=669","title":{"rendered":"Vision"},"content":{"rendered":"<p><span style=\"font-weight: 400;\"><img loading=\"lazy\" decoding=\"async\" class=\"alignnone wp-image-685\" src=\"http:\/\/fenaer.org\/wordpress\/wordpress\/wp-content\/uploads\/2017\/12\/vision-2372177_1920-300x200.jpg\" alt=\"\" width=\"1249\" height=\"832\" srcset=\"https:\/\/fenaer.org\/wp-content\/uploads\/2017\/12\/vision-2372177_1920-300x200.jpg 300w, https:\/\/fenaer.org\/wp-content\/uploads\/2017\/12\/vision-2372177_1920-768x513.jpg 768w, https:\/\/fenaer.org\/wp-content\/uploads\/2017\/12\/vision-2372177_1920-230x154.jpg 230w, https:\/\/fenaer.org\/wp-content\/uploads\/2017\/12\/vision-2372177_1920-350x234.jpg 350w, https:\/\/fenaer.org\/wp-content\/uploads\/2017\/12\/vision-2372177_1920-480x321.jpg 480w\" sizes=\"(max-width: 1249px) 100vw, 1249px\" \/><\/span><\/p>\n<p><span style=\"font-weight: 400;\">Para el 2020, la Federaci\u00f3n Nacional de Energ\u00edas Renovables, FENAER, ser\u00e1 la agremiaci\u00f3n de empresarios, consumidores y profesionales que certifiquen, auditen y desarrollen interventor\u00edas en el montaje de la infraestructura Energ\u00e9tica-Renovable del pa\u00eds; a la vez que, aporte a la consolidaci\u00f3n de una pol\u00edtica p\u00fablica macroecon\u00f3mica energ\u00e9tica con gananciales sociales<\/span><\/p>\n","protected":false},"excerpt":{"rendered":"<p>Para el 2020, la Federaci\u00f3n Nacional de Energ\u00edas Renovables, FENAER, ser\u00e1 la agremiaci\u00f3n de empresarios, consumidores y profesionales que certifiquen, auditen y [&hellip;]<\/p>\n","protected":false},"author":1,"featured_media":0,"parent":0,"menu_order":0,"comment_status":"closed","ping_status":"closed","template":"page-templates\/page_fullwidth.php","meta":{"footnotes":""},"_links":{"self":[{"href":"https:\/\/fenaer.org\/index.php?rest_route=\/wp\/v2\/pages\/669"}],"collection":[{"href":"https:\/\/fenaer.org\/index.php?rest_route=\/wp\/v2\/pages"}],"about":[{"href":"https:\/\/fenaer.org\/index.php?rest_route=\/wp\/v2\/types\/page"}],"author":[{"embeddable":true,"href":"https:\/\/fenaer.org\/index.php?rest_route=\/wp\/v2\/users\/1"}],"replies":[{"embeddable":true,"href":"https:\/\/fenaer.org\/index.php?rest_route=%2Fwp%2Fv2%2Fcomments&post=669"}],"version-history":[{"count":3,"href":"https:\/\/fenaer.org\/index.php?rest_route=\/wp\/v2\/pages\/669\/revisions"}],"predecessor-version":[{"id":687,"href":"https:\/\/fenaer.org\/index.php?rest_route=\/wp\/v2\/pages\/669\/revisions\/687"}],"wp:attachment":[{"href":"https:\/\/fenaer.org\/index.php?rest_route=%2Fwp%2Fv2%2Fmedia&parent=669"}],"curies":[{"name":"wp","href":"https:\/\/api.w.org\/{rel}","templated":true}]}}

<p><span style="font-weight: 400;"><img loading="lazy" decoding="async" class="alignnone wp-image-685" src="http://fenaer.org/wordpress/wordpress/wp-content/uploads/2017/12/vision-2372177_1920-300x200.jpg" alt="" width="1249" height="832" srcset="https://fenaer.org/wp-content/uploads/2017/12/vision-2372177_1920-300x200.jpg 300w, https://fenaer.org/wp-content/uploads/2017/12/vision-2372177_1920-768x513.jpg 768w, https://fenaer.org/wp-content/uploads/2017/12/vision-2372177_1920-230x154.jpg 230w, https://fenaer.org/wp-content/uploads/2017/12/vision-2372177_1920-350x234.jpg 350w, https://fenaer.org/wp-content/uploads/2017/12/vision-2372177_1920-480x321.jpg 480w" sizes="(max-width: 1249px) 100vw, 1249px" /></span></p>
<p><span style="font-weight: 400;">Para el 2020, la Federación Nacional de Energías Renovables, FENAER, será la agremiación de empresarios, consumidores y profesionales que certifiquen, auditen y desarrollen interventorías en el montaje de la infraestructura Energética-Renovable del país; a la vez que, aporte a la consolidación de una política pública macroeconómica energética con gananciales sociales</span></p>

<p>Para el 2020, la Federación Nacional de Energías Renovables, FENAER, será la agremiación de empresarios, consumidores y profesionales que certifiquen, auditen y [&hellip;]</p>
