{"id":98,"date":"2017-11-30T03:00:37","date_gmt":"2017-11-30T03:00:37","guid":{"rendered":"http:\/\/fenaer.org\/wordpress\/wordpress\/?page_id=98"},"modified":"2017-12-11T20:31:11","modified_gmt":"2017-12-11T20:31:11","slug":"quienes-somos","status":"publish","type":"page","link":"https:\/\/fenaer.org\/?page_id=98","title":{"rendered":"Quienes Somos"},"content":{"rendered":"<div id=\"pl-98\"  class=\"panel-layout\" ><div id=\"pg-98-0\"  class=\"panel-grid panel-has-style\" ><div style=\"padding: 100px 0; \" data-overlay=\"true\" data-overlay-color=\"#000000\" class=\"panel-row-style panel-row-style-for-98-0\" ><div id=\"pgc-98-0-0\"  class=\"panel-grid-cell\" ><div id=\"panel-98-0-0-0\" class=\"so-panel widget widget_text panel-first-child\" data-index=\"0\" ><div style=\"text-align: left;\" data-title-color=\"#443f3f\" data-headings-color=\"#443f3f\" class=\"panel-widget-style panel-widget-style-for-98-0-0-0\" >\t\t\t<div class=\"textwidget\"><p><b>FENAER<\/b> fue creada por Eduard Aristizabal, qui\u00e9n hab\u00eda trabajado por m\u00e1s de 8 a\u00f1os en el \u00e1rea de Eficiencia Energ\u00e9tica, y conociendo todos los beneficios de las energ\u00edas renovables y la importancia que tienen en el futuro cercano, decidi\u00f3 abrir una empresa enfocada a la Energ\u00eda Solar Fotovoltaica. Fundada en el 2015,\u00a0<strong>FENAER<\/strong>\u00a0ha trabajado de la mano de grandes clientes en Colombia con una capacidad instalada de m\u00e1s de 100kWp y ejecutado proyectos a nivel internacional y local por m\u00e1s de 10MW.<\/p>\n<\/div>\n\t\t<\/div><\/div><div id=\"panel-98-0-0-1\" class=\"so-panel widget\" data-index=\"1\" ><div style=\"text-align: left;\" data-title-color=\"#443f3f\" data-headings-color=\"#443f3f\" class=\"panel-widget-style panel-widget-style-for-98-0-0-1\" ><\/div><\/div><div id=\"panel-98-0-0-2\" class=\"so-panel widget widget_sydney_video_widget sydney_video_widget_widget panel-last-child\" data-index=\"2\" ><div style=\"text-align: left;\" data-title-color=\"#443f3f\" data-headings-color=\"#443f3f\" class=\"panel-widget-style panel-widget-style-for-98-0-0-2\" ><div class=\"sydney-video vid-normal\"><div class=\"video-overlay\"><div class=\"sydney-video-inner\"><span class=\"close-popup\"><i class=\"fa fa-times\"><\/i><\/span><iframe loading=\"lazy\" title=\"Cumplea\u00f1os FUNcener\" width=\"1170\" height=\"658\" src=\"https:\/\/www.youtube.com\/embed\/cscfnkj1jIY?feature=oembed\" frameborder=\"0\" allow=\"accelerometer; autoplay; clipboard-write; encrypted-media; gyroscope; picture-in-picture; web-share\" referrerpolicy=\"strict-origin-when-cross-origin\" allowfullscreen><\/iframe><\/div><\/div><div class=\"video-text\"><\/div><a href=\"#\" class=\"toggle-popup\"><i class=\"fa fa-play\"><\/i><\/a><\/div><\/div><\/div><\/div><\/div><\/div><\/div>","protected":false},"excerpt":{"rendered":"<p>FENAER fue creada por Eduard Aristizabal, qui\u00e9n hab\u00eda trabajado por m\u00e1s de 8 a\u00f1os en el \u00e1rea de Eficiencia Energ\u00e9tica, y conociendo [&hellip;]<\/p>\n","protected":false},"author":1,"featured_media":0,"parent":0,"menu_order":0,"comment_status":"closed","ping_status":"closed","template":"page-templates\/page_fullwidth.php","meta":{"footnotes":""},"_links":{"self":[{"href":"https:\/\/fenaer.org\/index.php?rest_route=\/wp\/v2\/pages\/98"}],"collection":[{"href":"https:\/\/fenaer.org\/index.php?rest_route=\/wp\/v2\/pages"}],"about":[{"href":"https:\/\/fenaer.org\/index.php?rest_route=\/wp\/v2\/types\/page"}],"author":[{"embeddable":true,"href":"https:\/\/fenaer.org\/index.php?rest_route=\/wp\/v2\/users\/1"}],"replies":[{"embeddable":true,"href":"https:\/\/fenaer.org\/index.php?rest_route=%2Fwp%2Fv2%2Fcomments&post=98"}],"version-history":[{"count":13,"href":"https:\/\/fenaer.org\/index.php?rest_route=\/wp\/v2\/pages\/98\/revisions"}],"predecessor-version":[{"id":733,"href":"https:\/\/fenaer.org\/index.php?rest_route=\/wp\/v2\/pages\/98\/revisions\/733"}],"wp:attachment":[{"href":"https:\/\/fenaer.org\/index.php?rest_route=%2Fwp%2Fv2%2Fmedia&parent=98"}],"curies":[{"name":"wp","href":"https:\/\/api.w.org\/{rel}","templated":true}]}}